e the prime factors of 1134?
2, 3, 7
What are the prime factors of 88?
2, 11
List the prime factors of 7247.
7247
List the prime factors of 2578.
2, 1289
List the prime factors of 262.
2, 131
What are the prime factors of 252?
2, 3, 7
List the prime factors of 133344.
2, 3, 463
What are the prime factors of 792?
2, 3, 11
List the prime factors of 88915.
5, 17783
What are the prime factors of 11504?
2, 719
List the prime factors of 8976.
2, 3, 11, 17
What are the prime factors of 4656?
2, 3, 97
List the prime factors of 12905.
5, 29, 89
List the prime factors of 6779.
6779
List the prime factors of 4602.
2, 3, 13, 59
List the prime factors of 53002.
2, 26501
What are the prime factors of 6758?
2, 31, 109
List the prime factors of 2441.
2441
What are the prime factors of 24966?
2, 3, 19, 73
What are the prime factors of 21850?
2, 5, 19, 23
What are the prime factors of 25520?
2, 5, 11, 29
List the prime factors of 12370.
2, 5, 1237
What are the prime factors of 62277?
3, 20759
List the prime factors of 1301.
1301
List the prime factors of 8896.
2, 139
List the prime factors of 2001.
3, 23, 29
List the prime factors of 895.
5, 179
List the prime factors of 2149.
7, 307
What are the prime factors of 31147?
31147
List the prime factors of 30323.
30323
List the prime factors of 3885.
3, 5, 7, 37
List the prime factors of 13035.
3, 5, 11, 79
What are the prime factors of 6456?
2, 3, 269
List the prime factors of 3348.
2, 3, 31
What are the prime factors of 11976?
2, 3, 499
List the prime factors of 4851.
3, 7, 11
List the prime factors of 82587.
3, 27529
What are the prime factors of 773?
773
List the prime factors of 3749.
23, 163
What are the prime factors of 33877?
19, 1783
List the prime factors of 1533.
3, 7, 73
List the prime factors of 1900.
2, 5, 19
List the prime factors of 19235.
5, 3847
List the prime factors of 18188.
2, 4547
List the prime factors of 16477.
16477
List the prime factors of 27006.
2, 3, 7, 643
List the prime factors of 2309.
2309
What are the prime factors of 1153?
1153
List the prime factors of 116836.
2, 29209
List the prime factors of 2120.
2, 5, 53
What are the prime factors of 2979?
3, 331
List the prime factors of 771.
3, 257
What are the prime factors of 2391?
3, 797
What are the prime factors of 15099?
3, 7, 719
List the prime factors of 2338.
2, 7, 167
List the prime factors of 1408.
2, 11
List the prime factors of 754.
2, 13, 29
What are the prime factors of 6959?
6959
What are the prime factors of 610?
2, 5, 61
What are the prime factors of 65835?
3, 5, 7, 11, 19
List the prime factors of 1338.
2, 3, 223
What are the prime factors of 29836?
2, 7459
List the prime factors of 36776.
2, 4597
List the prime factors of 9288.
2, 3, 43
List the prime factors of 6054.
2, 3, 1009
What are the prime factors of 3444?
2, 3, 7, 41
What are the prime factors of 2345?
5, 7, 67
What are the prime factors of 4397?
4397
What are the prime factors of 904?
2, 113
What are the prime factors of 512?
2
List the prime factors of 2889.
3, 107
What are the prime factors of 1705?
5, 11, 31
List the prime factors of 16403.
47, 349
What are the prime factors of 54708?
2, 3, 47, 97
List the prime factors of 28906.
2, 97, 149
List the prime factors of 110817.
3, 7, 1759
List the prime factors of 8174.
2, 61, 67
What are the prime factors of 34918?
2, 13, 17, 79
List the prime factors of 125210.
2, 5, 19, 659
List the prime factors of 63179.
63179
What are the prime factors of 663?
3, 13, 17
What are the prime factors of 82378?
2, 41189
What are the prime factors of 9936?
2, 3, 23
List the prime factors of 59855.
5, 11971
List the prime factors of 28053.
3, 1039
What are the prime factors of 405?
3, 5
What are the prime factors of 86?
2, 43
What are the prime factors of 36201?
3, 11, 1097
List the prime factors of 45893.
45893
What are the prime factors of 162917?
162917
List the prime factors of 5060.
2, 5, 11, 23
What are the prime factors of 2981?
11, 271
What are the prime factors of 68714?
2, 17, 43, 47
List the prime factors of 1701.
3, 7
List the prime factors of 1210.
2, 5, 11
List the prime factors of 11230.
2, 5, 1123
What are the prime factors of 2331?
3, 7, 37
What are the prime factors of 35464?
2, 11, 13, 31
List the prime factors of 38722.
2, 19, 1019
What are the prime factors of 23832?
2, 3, 331
What are the prime factors of 15486?
2, 3, 29, 89
List the prime factors of 1092.
2, 3, 7, 13
What are the prime factors of 363?
3, 11
What are the prime factors of 47?
47
What are the prime factors of 17275?
5, 691
What are the prime factors of 75994?
2, 37997
What are the prime factors of 50760?
2, 3, 5, 47
List the prime factors of 84934.
2, 42467
What are the prime factors of 908?
2, 227
What are the prime factors of 605?
5, 11
List the prime factors of 421.
421
List the prime factors of 152835.
3, 5, 23, 443
List the prime factors of 17978.
2, 89, 101
What are the prime factors of 1999?
1999
What are the prime factors of 1904?
2, 7, 17
What are the prime factors of 46263?
3, 7, 2203
List the prime factors of 25303.
25303
What are the prime factors of 1326?
2, 3, 13, 17
List the prime factors of 736.
2, 23
What are the prime factors of 5491?
17, 19
What are the prime factors of 1534?
2, 13, 59
List the prime factors of 16181.
11, 1471
List the prime factors of 677.
677
What are the prime factors of 6384?
2, 3, 7, 19
What are the prime factors of 674?
2, 337
What are the prime factors of 54944?
2, 17, 101
List the prime factors of 8591.
11, 71
List the prime factors of 7702.
2, 3851
What are the prime factors of 6223?
7, 127
What are the prime factors of 15055?
5, 3011
What are the prime factors of 2039?
2039
What are the prime factors of 1971?
3, 73
What are the prime factors of 1726?
2, 863
List the prime factors of 36616.
2, 23, 199
What are the prime factors of 1928?
2, 241
What are the prime factors of 186786?
2, 3, 1153
What are the prime factors of 3525?
3, 5, 47
List the prime factors of 855.
3, 5, 19
List the prime factors of 21899.
61, 359
List the prime factors of 2596.
2, 11, 59
What are the prime factors of 374?
2, 11, 17
List the prime factors of 1781.
13, 137
List the prime factors of 30219.
3, 7, 1439
List the prime factors of 15836.
2, 37, 107
List the prime factors of 1086.
2, 3, 181
What are the prime factors of 79908?
2, 3, 6659
What are the prime factors of 2767?
2767
What are the prime factors of 820?
2, 5, 41
What are the prime factors of 9446?
2, 4723
What are the prime factors of 29718?
2, 3, 13, 127
What are the prime factors of 2967?
3, 23, 43
List the prime factors of 127590.
2, 3, 5, 4253
What are the prime factors of 13888?
2, 7, 31
List the prime factors of 14440.
2, 5, 19
List the prime factors of 13967.
13967
What are the prime factors of 157?
157
What are the prime factors of 1110?
2, 3, 5, 37
What are the prime factors of 2587?
13, 199
List the prime factors of 1578.
2, 3, 263
What are the prime factors of 1317?
3, 439
List the prime factors of 814.
2, 11, 37
List the prime factors of 23737.
7, 3391
List the prime factors of 191.
191
List the prime factors of 6047.
6047
List the prime factors of 1307.
1307
What are the prime factors of 57969?
3, 19, 113
List the prime factors of 4044.
2, 3, 337
List the prime factors of 3798.
2, 3, 211
List the prime factors of 29577.
3, 9859
What are the prime factors of 411?
3, 137
What are the prime factors of 3748?
2, 937
List the prime factors of 1376.
2, 43
List the prime factors of 3816.
2, 3, 53
What are the prime factors of 105772?
2, 31, 853
List the prime factors of 363.
3, 11
List the prime factors of 12665.
5, 17, 149
What are the prime factors of 2120?
2, 5, 53
List the prime factors of 180.
2, 3, 5
List the prime factors of 1105.
5, 13, 17
List the prime factors of 10538.
2, 11, 479
What are the prime factors of 620?
2, 5, 31
List the prime factors of 55860.
2, 3, 5, 7, 19
List the prime factors of 111285.
3, 5, 2473
List the prime factors of 1446.
2, 3, 241
List the prime factors of 6954.
2, 3, 19, 61
List the prime factors of 11711.
7, 239
What are the prime factors of 1021?
1021
What are the prime factors of 1970?
2, 5, 197
List the prime factors of 58229.
58229
List the prime factors of 30761.
19, 1619
What are the prime factors of 187?
11, 